 = t**2 - 3*t - 15. Let v(u) = -3*u - 30. Let c be v(-8). Let d be a(c). What is the highest common divisor of 195 and d?
39
Let b(d) = d**2 + 5*d - 9. Let x be b(-7). Suppose 2*s = x*f - 87, -19 = -4*f + 3*f + 2*s. Calculate the highest common factor of f and 187.
17
Suppose 0 = 5*g - 3*f - 6, 0 = 4*g + 20*f - 22*f - 6. Let k(a) = -a**2 - 4*a. Let u be k(-3). Calculate the greatest common divisor of u and g.
3
Let x = 670 - 421. What is the greatest common factor of x and 3?
3
Let b(x) = -64*x. Let q = 3 - 4. Let f be b(q). Let z be (6/(-4))/((765/240)/(-17)). Calculate the greatest common divisor of f and z.
8
Suppose -2*m + t = 0, 2*m - 5*t - 1 = 7. Let h be (2/(6/9))/(2 + m). What is the greatest common divisor of h and 9?
3
Let g = -28 - -32. Suppose -g*h + 13*h = 243. Calculate the greatest common divisor of 18 and h.
9
Suppose 48 = -3*o - 0*h - 3*h, 0 = -3*h - 3. Let x be (168/(-10))/(o/50). Calculate the highest common divisor of 140 and x.
28
Let v = 84 + -39. Let h = 96 + -87. What is the highest common divisor of v and h?
9
Suppose -1 = -29*v - 59. Suppose f - 2 = -0*f + 4*s, -3*s = 2*f - 37. Let g be (-435)/(-105) + v/f. What is the highest common factor of 1 and g?
1
Let y = 2 + 0. Let d be (-700)/22 - 22/121. Let o = d + 34. Calculate the highest common divisor of y and o.
2
Suppose -2*r - 4*q = -52, 2*r + 2*q = 5*r - 70. Suppose 2*b + 38 = -3*m - 27, m = -3*b - 115. Let o = b + 100. What is the greatest common divisor of o and r?
12
Let k be -3 + 8 - (131*-4 + 4). What is the highest common factor of k and 15?
15
Let s(l) = -l**3 - 13*l**2 - 2*l - 6. Let o be s(-13). Let t = o + 8. What is the greatest common divisor of 14 and t?
14
Let b = -20 - -35. Suppose b = 7*d - 2*d. What is the highest common factor of d and 33?
3
Let m = -1057 + 1249. What is the highest common divisor of 480 and m?
96
Let j(x) = -x**2 - 26*x - 41. Let t be j(-23). What is the greatest common factor of t and 266?
14
Let l(y) = y**3 + 7*y**2 - 3*y + 10. Let m be l(-7). Suppose 47*t - 10168 = -35*t. What is the highest common factor of m and t?
31
Suppose 2*z = z. Let s be (8 - z) + (1 - (3 + -4)). What is the highest common divisor of 5 and s?
5
Let u(m) = m + 5. Let y be u(5). Let x = -17 + y. Let v = 0 - x. Calculate the highest common divisor of v and 21.
7
Suppose 4*n + 0*n = 12. Suppose n*y = 2*y + 14. Suppose 58 = 3*i - 68. What is the highest common factor of i and y?
14
Suppose -5*v + 23 = w, -15 = -3*w + 2*w - 3*v. Suppose 5*z = -20, w*m - 4*z - 27 = 2*m. What is the greatest common divisor of m and 1?
1
Suppose 0*u = -4*u + 96. Suppose 5*y + 5*a - 550 = 0, -a - 214 = 3*y - 5*y. Calculate the highest common factor of u and y.
12
Suppose 8 = 4*s, 4*g - 19*s = -14*s + 194. Suppose -9*j + 221 = 4*j. Calculate the greatest common factor of j and g.
17
Let s be ((-63)/(-4))/(2/(-8)). Let v = s + 109. Suppose -28*j + 13*j + 1725 = 0. What is the greatest common factor of j and v?
23
Suppose -3*d + 208 = -7*d. Let f = d - -74. What is the greatest common factor of 187 and f?
11
Let f = -132 + 33. Let h = 175 + f. Suppose -t - 5*o + 30 = 0, -2*t + 5*t - h = -o. What is the greatest common factor of 200 and t?
25
Let g be (-6)/(-15) + 116/10. Let a = g + -4. What is the highest common divisor of 8 and a?
8
Suppose -f - 304 = -5*q + f, -2*q + 3*f = -115. What is the highest common divisor of q and 10?
2
Let h be (1/3)/((-7)/21) - -89. Calculate the highest common divisor of h and 56.
8
Let k(g) = 50*g. Let w be k(1). Suppose w + 30 = 4*a. Suppose -4*n + 140 = -3*n. What is the highest common divisor of n and a?
20
Suppose 0 = -58*o + 71*o - 5109. Calculate the greatest common divisor of 3 and o.
3
Let o = 180 - 54. Suppose -2*h = -o + 36. What is the highest common divisor of 9 and h?
9
Let z = -1949 + 1983. Let w = -112 + 197. Calculate the highest common divisor of w and z.
17
Let k = -333 + 711. Calculate the greatest common divisor of 54 and k.
54
Suppose -11*o = -128 - 48. Suppose 4*s + 3*n = 183, n + 2*n = -s + 39. Calculate the highest common factor of o and s.
16
Suppose -4*p - 3*g + 18 = -g, -4 = -p - g. Let s be ((-64)/40)/(9/p + -2). What is the highest common factor of 16 and s?
8
Let r(x) = x + 4. Let k be r(0). Let d = -2 + k. Let f be 1/d*-2*-55. What is the greatest common factor of f and 22?
11
Suppose -f + 3 = -0. Suppose -3*q - q = -f*d - 574, -5*d - 280 = -2*q. Calculate the greatest common factor of q and 58.
29
Let m = 100 - -4. Suppose -2*t - 4 + 34 = 4*a, 0 = 5*a - 5. What is the greatest common factor of t and m?
13
Suppose -3*i + 11 = -31. Suppose 23*x = 22*x + i. What is the highest common divisor of 14 and x?
14
Suppose -4*v + 97 = 4*j - 19, j + 2*v - 34 = 0. Calculate the highest common factor of j and 24.
24
Let r be (-250)/(-65) + -4 - (-2036)/52. Calculate the greatest common divisor of r and 143.
13
Let t be 1305/7 + (-15)/35. Calculate the highest common factor of t and 124.
62
Let q(y) = 3*y**2 - y - 4*y**2 + 13 + 0*y - 7*y. Let r be q(-6). What is the highest common divisor of 50 and r?
25
Suppose 3*l - 156 = 3*p, -5*p + 0*l = -l + 244. Let g be ((-30)/(-4))/((-36)/p). Let y be 2/(1 - 18/20). What is the highest common divisor of y and g?
10
Suppose 25*p + 702 = 1902. What is the highest common factor of p and 80?
16
Suppose l + 11 = 5*u + 33, -3*l + 3*u + 54 = 0. Suppose 2*a - 24 = 10. Calculate the highest common factor of l and a.
17
Let j = -54 - -57. Suppose 0 = 2*k + k + 3*g - 81, j*g = 9. Calculate the greatest common divisor of 24 and k.
24
Let h = 102 - -81. Suppose -f + 64 = 4*g, 0 = 6*g - g - 3*f - 63. Suppose -5*t + g = 4*y - 115, -5*y = -4*t - h. What is the highest common factor of y and 5?
5
Let d be 15/(-6)*(1 + 17). Let c(k) = -k**3 - 15*k**2 - k - 26. Let t be c(-15). Let y = t - d. What is the greatest common factor of 51 and y?
17
Suppose -4*j + 5*v + 108 = -8*j, -2*j - 60 = v. Let o = j + 40. Let g = 127 + -87. Calculate the greatest common factor of g and o.
8
Suppose -125 - 25 = -5*v. Let y be -1 - -17 - (-6 + 7). What is the greatest common factor of v and y?
15
Let z = -169 - -217. Calculate the greatest common factor of 272 and z.
16
Let j be 20*(4 - (-3 - -3)). Suppose -149 - 3 = -19*w. What is the greatest common factor of j and w?
8
Let t(m) = -m**3 + m**2 - m + 9. Let c be t(0). Suppose 18 = c*i - 8*i. Calculate the greatest common factor of i and 9.
9
Suppose 0 = 5*y + 25, 10*p = 8*p + 2*y + 842. What is the greatest common factor of p and 312?
104
Let g be 0 + -1 + (-4)/(-4). Let m = g + 8. Suppose 5*c - m = c. What is the greatest common factor of 3 and c?
1
Let i(b) = -4*b - 12. Suppose -s + 24 = 3*s. Let a be i(s). Let r = 56 + a. Calculate the highest common factor of r and 5.
5
Let k = -1 - -16. Let v = 61 - 1. What is the greatest common divisor of v and k?
15
Let i(f) = -12*f + 6. Let n be 85/(-30) - 1/6. Let z be i(n). What is the greatest common divisor of z and 63?
21
Let f = 182 + -166. Calculate the highest common factor of f and 104.
8
Let v(t) = t**2 - 10*t - 9. Let z be v(10). Let r = 18 - z. Suppose 0 = -d - 5*j + 28, -2*d - 3*j + r = 2*d. What is the highest common factor of d and 18?
3
Let k(c) = 166*c - 12. Let z be k(4). What is the highest common factor of 12 and z?
4
Let q be (18/8)/((-1)/(-16)). Suppose -n + 2*m - 1315 = 0, -4*m = -2*n - 8*m - 2662. Let t be (-1)/4 - (n/12 + 2). What is the highest common factor of q and t?
36
Let f = -5 - -90. Let b(r) = r - 1. Let j(i) = -i**2 + 4*i + 9. Let s(h) = 4*b(h) + j(h). Let a be s(6). Calculate the greatest common divisor of a and f.
17
Let g be ((-840)/98)/((-17)/14 - -1). Let l be (-7)/(-2)*1*40. Calculate the highest common factor of g and l.
20
Suppose 13*k - 2523 = 9*k - 3*c, 2*k + 4*c = 1274. What is the highest common factor of k and 57?
57
Suppose 854*d = 859*d - 7200. Calculate the greatest common divisor of d and 20.
20
Let n(f) be the second derivative of -f**5/20 + f**4 - f**3/6 + 12*f**2 + f - 10. Let x be n(12). Calculate the highest common factor of 6 and x.
6
Suppose -3*t + 195 = o - 715, t - 2*o = 315. What is the highest common divisor of 5 and t?
5
Let h(k) = -k**2 + k - 3. Let z be h(0). Let w(b) = -25*b - 10. Let a be w(z). Calculate the highest common factor of a and 26.
13
Suppose -20 = 10*v -